 - (-75)/10*3?
18
Let p(y) = -67*y**2 + 2*y. Let m be p(-1). Let n(r) = -r**3 - 10*r**2 - 12*r - 8. Calculate the remainder when n(-10) is divided by (m/3)/((-2)/2) + 0.
20
What is the remainder when 251 is divided by ((-372)/(-15))/(178/445)?
3
Suppose 22*j + 2*r - 10 = 21*j, -r + 5 = -j. Suppose -n + 85 = 4*d - j*n, -d = 4*n - 40. What is the remainder when 197 is divided by d?
17
Suppose -h - 116 = -3*h. Let b = -37 + h. What is the remainder when 73 is divided by b?
10
Let g(a) = 2*a**3 + 14*a**2 - 18*a + 2. What is the remainder when 411 is divided by g(-8)?
15
Let d(z) = -10*z**3 - 32*z**2 - 47*z - 7. Calculate the remainder when 5029 is divided by d(-2).
37
Let r be ((-8619)/(-26))/((-2)/(-4)). Let m = 939 - r. Calculate the remainder when m is divided by 28.
24
Let k(q) = 2*q**3 - 4*q - 18. Let s be k(-7). Calculate the remainder when (146/(-6))/((-2)/6) is divided by 2/9 + (-4)/(144/s).
16
Let l(q) = -7*q - 60. Let w be l(-8). What is the remainder when (-8)/(90/25 + w) + -3 is divided by 12?
5
Suppose 0 = 182*n - 162*n - 21080. Calculate the remainder when n is divided by 11.
9
Suppose 0 = m + 86*q - 90*q - 294, -2*q + 1580 = 5*m. What is the remainder when m is divided by 95?
29
Let g(k) = 33*k**2 - 243*k - 2945. Calculate the remainder when g(-12) is divided by 63.
61
Suppose 2*q + w + 3 = -12, 4*w + 36 = -4*q. Calculate the remainder when (q/(-4))/((-6)/(-664)) is divided by 1/3*(2 - 28 - (-108 - 2)).
26
Let x = -5574 - -5725. What is the remainder when 765 is divided by x?
10
Suppose -4166 = 16*y - 8726. Calculate the remainder when y is divided by 146.
139
Let s(n) = -n**3 + 33*n**2 - 4*n + 131. Let u be s(33). What is the remainder when 74 is divided by u + 3/((-24)/(-496))?
13
Let o(i) = -i**3 - 3*i**2 + 6*i - 6. Let f(y) = -y**3 + 3*y**2 + 440*y - 53. What is the remainder when f(-20) is divided by o(-5)?
11
Let d = -1267 - -1432. Let f be (-4)/8*(39 - 1). Let s = f - -40. What is the remainder when d is divided by s?
18
Suppose 283*l + 2*i + 20 = 284*l, 3*i = 4*l - 85. Let u(d) = -d + 173. Calculate the remainder when u(0) is divided by l.
19
Let i be (-10)/(-6) + -14 + 215/15. Suppose -2*s = 4*w - 146 - 500, -644 = -2*s - i*w. What is the remainder when s is divided by 13?
9
Let i(g) = 639*g - 60629. What is the remainder when i(95) is divided by 1 + -1 + (-52)/(-2)?
24
Suppose 5*d = 175*y - 179*y + 66, 0 = 3*y + 5*d - 57. What is the remainder when 1033 is divided by y?
7
Let k = -47 + 191. Suppose -d + 30 - 141 = -2*f, 0 = 2*f + d - 97. Calculate the remainder when k is divided by f.
40
Let r be 14/4*(-48)/(-42). Suppose r*f - 900 = 3*w - 2*w, -2*w - 8 = 0. Let j = f - 107. What is the remainder when j is divided by 30?
27
Let z be (0 - -1)/((-1)/5). Let c = -1 + z. Calculate the remainder when 13 is divided by -1*c*(-2)/(-4)*2.
1
Let x be (12/10)/((-108)/(-20) - 5). Calculate the remainder when 27 is divided by ((-98)/(-21))/(x/9).
13
Suppose -2*x = 5*u - 235, -4*u + 40 = 60. What is the remainder when 1169 is divided by x?
129
Let u = 114 - 114. Suppose u = -3*k + 527 - 179. What is the remainder when k is divided by 60?
56
Suppose 39*j = 36*j + 4*t + 9412, -5*j = 3*t - 15648. Calculate the remainder when j is divided by 165.
162
Suppose 5 = 5*c + 5*i, i + 7 = -3*c + 16. Suppose -c*p + 124 = 3*l, 2*p - 56 = l - 4*l. What is the remainder when p is divided by 24?
10
Suppose -818*j - 738 = -824*j. Suppose -1010 = -j*p + 113*p. Calculate the remainder when p is divided by 28.
17
Suppose -4*l + 3*a + 207 = 0, 0 = -2*l + 2*a + 110 - 6. What is the remainder when 13309 is divided by l?
49
Suppose 77*t + 484 = 4*j + 79*t, -2*t = -2*j + 248. Calculate the remainder when 369 is divided by j.
3
Suppose 5*y - 3*r = 304, 0 = -18*y + 15*y + 5*r + 176. What is the remainder when y is divided by 42?
20
Let y(b) = -3 - b**2 - 176*b + 176*b + 2*b**3. Let c be y(3). Suppose 29*v + c = 31*v. What is the remainder when 80 is divided by v?
17
Let g = 3520 - 3476. What is the remainder when g is divided by 37?
7
Suppose 4*s - 554 = 5*c + 3563, -10*s + c + 10373 = 0. Calculate the remainder when s is divided by 56.
30
Suppose -5*r + 181 = 51. Suppose 28*d + 3*s = 27*d + 56, -2*s + 6 = 0. Calculate the remainder when d is divided by r.
21
Let v(c) = -2*c**2 + 9*c + 219. What is the remainder when 1145 is divided by v(12)?
14
Let f(w) = 6*w**2 + 26 - 54 - 2*w**2 - 6*w + 18. Calculate the remainder when f(-2) is divided by 17.
1
Let u = -16 - -26. Suppose 0 = 3*v - 193 + u. Suppose 48 = 3*r + y, -4*y = r - 2*y - 16. What is the remainder when v is divided by r?
13
Let w(z) = 2*z**3 + 43*z**2 + 20*z - 6. Suppose 4*h + 50 = 5*l + 163, -3*h - 36 = 2*l. What is the remainder when 53 is divided by w(l)?
8
Suppose -11*j = 543 - 26. Let c = -45 - j. What is the remainder when (-312 + c + -4)/(-2) is divided by 10?
7
Suppose 0 = 60*a - 151*a + 68*a + 460. What is the remainder when 2174 is divided by a?
14
Suppose -6945 = 11*x - 7902. Calculate the remainder when 314 is divided by x.
53
Let b = -3858 + 4116. Calculate the remainder when b is divided by 9.
6
Let p = 558 + -301. Suppose 0 = 4*n + 5*o - p, -2*o = -2*n + 55 + 87. Let s = -17 + 53. What is the remainder when n is divided by s?
32
Let m be ((-3950)/5)/5*2. Let f = 334 + m. Calculate the remainder when 52 is divided by f.
16
Suppose 34 = k - 77. Suppose -164 = -4*h - 0*h + 3*t, 0 = 2*t + 8. What is the remainder when k is divided by h?
35
Suppose 5*t = -5*l + 25, 3*t = -0*l + 3*l + 3. Let m(p) = -8 - 8*p - p**2 - 6*p - l + 1. What is the remainder when m(-10) is divided by 16?
15
Let w be (-10 + 4 - -3)*118. Let u = w - -375. What is the remainder when 47 is divided by u?
5
Suppose 5*a - 980 = 5*r, 3*a - 670 + 81 = 4*r. Calculate the remainder when a is divided by 42.
27
Let s(q) = -5*q**3 - 25*q**2 - 45*q - 26. Suppose 4 = -5*k - f + 39, -4*k - 3*f + 28 = 0. Let t = k + -1. What is the remainder when t is divided by s(-2)?
2
Let w(c) = -2*c**3 - 9*c**2 - 10*c + 3. Let m be w(-5). Let n = m + -48. What is the remainder when 57 is divided by n?
27
Let x(v) = v**3 + 17*v**2 + 86*v + 232. Let h(g) = 8*g + 2. Let r be h(-5). Let o = 71 + r. What is the remainder when o is divided by x(-11)?
9
Let j(f) = -68*f - 6976. Calculate the remainder when j(-115) is divided by 78.
64
Let m(z) = -2*z - 4*z + 6 + 0*z - 2*z. Suppose -242*g + 237*g = -905. Calculate the remainder when g is divided by m(-5).
43
Suppose -5*n + 9 + 11 = 0. Suppose -n*m - 38 = 2*l, -2*l = 3*m + 10 + 16. What is the remainder when 29 is divided by 44/(-33)*1*m?
13
What is the remainder when 1048 is divided by -1 - -111 - (-280)/665*-19?
28
Calculate the remainder when 1235/(-741)*4/((-20)/27717) is divided by 210.
209
Let x(v) = 2*v + 18. Let y be x(-8). Suppose 7 - 3 = y*j, -2*j + 2 = -2*f. Suppose g = 3*g - 4. Calculate the remainder when g is divided by f.
0
Suppose -17*c = -21*c + 1456. Suppose -f + 18 = 79*v - 81*v, v - 15 = -f. Calculate the remainder when c is divided by f.
12
Suppose 4*m = 5*x - 1019, 4*x + 2*m - 342 = 494. Let n = 242 - x. What is the remainder when n is divided by 14?
7
Let k = 13266 + -4148. What is the remainder when k is divided by 160?
158
Suppose 0 = -5*y + 8 + 72. What is the remainder when (12496/(-16))/(66/(-12)) is divided by y?
14
What is the remainder when 38300/1532 + (2 - -71) is divided by (-54 - 0/2)*-1?
44
Let w(o) = -o**2 - 87*o + 11042. Let x = 0 - -11. What is the remainder when w(70) is divided by x?
8
Suppose -36 = 3*t - 4*b - 140, -t + b + 34 = 0. What is the remainder when (-6)/4*-92*66/36 is divided by t?
29
Suppose b - 4*a = 66, 2*b - b - 42 = -2*a. Suppose -5348*g = -5338*g - 1690. What is the remainder when g is divided by b?
19
Suppose 32*c + 201 - 234 = 319. Suppose 3*r = m + 2*m - 105, -117 = -3*m - 3*r. Calculate the remainder when m is divided by c.
4
Let z = 372 + -370. Suppose -3*h = -15, -i + 3*h + 162 = -z*h. What is the remainder when i is divided by 24?
19
Let p(j) be the third derivative of j**4/8 + 16*j**3 + 12*j**2. Calculate the remainder when 268 is divided by p(-14).
52
Suppose -30*l + 72030 = 17*l - 26*l. Calculate the remainder when l is divided by 66.
64
Suppose 0*l - 2*l = 0. Suppose -184*v = -160*v - 72. Suppose -r + 126 = -y - 142, l = -4*r + v*y + 107